{"id":1638,"date":"2016-04-05T05:59:41","date_gmt":"2016-04-05T09:59:41","guid":{"rendered":"http:\/\/nagashur.com\/blog\/?page_id=1638"},"modified":"2016-04-10T20:47:23","modified_gmt":"2016-04-11T00:47:23","slug":"rlieh","status":"publish","type":"page","link":"https:\/\/nagashur.com\/blog\/projets\/rlieh\/","title":{"rendered":"Rlieh &#8211; contr\u00f4leur automatique d&#8217;aquarium"},"content":{"rendered":"<p>Le projet Rlieh, pour\u00a0\u00a0Remote Location Intelligent Ecosystem Handler, \u00e0 pour objectif de g\u00e9rer automatiquement un \u00e9cosyst\u00e8me ferm\u00e9 (aquarium, terrarium, etc), et \u00e9galement de permettre une surveillance des param\u00e8tres \u00e0 distance. De nombreuses fonctions sont planifi\u00e9es, d&#8217;autres ont d\u00e9j\u00e0 \u00e9t\u00e9 r\u00e9alis\u00e9es.<\/p>\n<p>En pratique, il s&#8217;agit de r\u00e9aliser un assemblage d\u2019\u00e9l\u00e9ments \u00e9lectroniques, \u00e9lectriques et \u00e9lectro-m\u00e9caniques permettant de mesurer les param\u00e8tres d&#8217;un aquarium ou d&#8217;un terrarium, et d&#8217;automatiser certaines actions. Divers prototypes ont \u00e9t\u00e9 r\u00e9alis\u00e9s, dont certaines fonctionnalit\u00e9s ne sont plus int\u00e9gr\u00e9es au syst\u00e8me actuel.<\/p>\n<p>A l&#8217;heure actuelle, voici l&#8217;interface de commande du syst\u00e8me :<\/p>\n<div id=\"attachment_1633\" style=\"width: 810px\" class=\"wp-caption aligncenter\"><a href=\"http:\/\/nagashur.com\/blog\/wp-content\/uploads\/2016\/04\/rlieh_lcd_on_2_5465_800px.jpg\"><img aria-describedby=\"caption-attachment-1633\" data-attachment-id=\"1633\" data-permalink=\"https:\/\/nagashur.com\/blog\/2016\/04\/05\/boitier-de-controle-de-rlieh-controleur-automatique-daquarium\/rlieh_lcd_on_2_5465_800px\/\" data-orig-file=\"https:\/\/nagashur.com\/blog\/wp-content\/uploads\/2016\/04\/rlieh_lcd_on_2_5465_800px.jpg\" data-orig-size=\"800,600\" data-comments-opened=\"1\" data-image-meta=\"{&quot;aperture&quot;:&quot;3.4&quot;,&quot;credit&quot;:&quot;&quot;,&quot;camera&quot;:&quot;Canon PowerShot SX200 IS&quot;,&quot;caption&quot;:&quot;&quot;,&quot;created_timestamp&quot;:&quot;1458653114&quot;,&quot;copyright&quot;:&quot;&quot;,&quot;focal_length&quot;:&quot;5&quot;,&quot;iso&quot;:&quot;400&quot;,&quot;shutter_speed&quot;:&quot;0.025&quot;,&quot;title&quot;:&quot;&quot;,&quot;orientation&quot;:&quot;0&quot;}\" data-image-title=\"Panneau de contr\u00f4le de Rlieh\" data-image-description=\"&lt;p&gt;Panneau de contr\u00f4le de Rlieh&lt;\/p&gt;\n\" data-medium-file=\"https:\/\/nagashur.com\/blog\/wp-content\/uploads\/2016\/04\/rlieh_lcd_on_2_5465_800px-300x225.jpg\" data-large-file=\"https:\/\/nagashur.com\/blog\/wp-content\/uploads\/2016\/04\/rlieh_lcd_on_2_5465_800px.jpg\" loading=\"lazy\" class=\"wp-image-1633 size-full\" src=\"http:\/\/nagashur.com\/blog\/wp-content\/uploads\/2016\/04\/rlieh_lcd_on_2_5465_800px.jpg\" alt=\"Panneau de contr\u00f4le de Rlieh\" width=\"800\" height=\"600\" srcset=\"https:\/\/nagashur.com\/blog\/wp-content\/uploads\/2016\/04\/rlieh_lcd_on_2_5465_800px.jpg 800w, https:\/\/nagashur.com\/blog\/wp-content\/uploads\/2016\/04\/rlieh_lcd_on_2_5465_800px-300x225.jpg 300w\" sizes=\"(max-width: 800px) 100vw, 800px\" \/><\/a><p id=\"caption-attachment-1633\" class=\"wp-caption-text\">Panneau de contr\u00f4le de Rlieh<\/p><\/div>\n<p>Il permet d&#8217;<a href=\"http:\/\/nagashur.com\/blog\/2016\/04\/05\/boitier-de-controle-de-rlieh-controleur-automatique-daquarium\/\">allumer ou d&#8217;\u00e9teindre progressivement l&#8217;\u00e9clairage de l&#8217;aquarium, ainsi qu&#8217;on le d\u00e9crit dans ce billet<\/a>, sur une pression du bouton du haut. Il permet \u00e9galement d&#8217;automatiser cette t\u00e2che, puisque l&#8217;aquarium s&#8217;allume et s&#8217;\u00e9teint \u00e0 une heure programmable. Le bouton permet toutefois de passer manuellement outre le syst\u00e8me automatique, qui reprend la main au bout de 5 minutes (plus de d\u00e9tails dans le lien pr\u00e9c\u00e9dent).<\/p>\n<p>On a \u00e9galement une mesure de la temp\u00e9rature de l&#8217;eau et de la temp\u00e9rature de l&#8217;air \u00e0 tout moment. D&#8217;autres param\u00e8tres seront mesur\u00e9s, avec par exemple le d\u00e9bit d&#8217;eau de la pompe, voire la turbidit\u00e9 de l&#8217;eau. Dans une version future, un nouveau syst\u00e8me de contr\u00f4le de la temp\u00e9rature sera mis en place. Un syst\u00e8me de nourrissage automatique est \u00e9galement pr\u00e9vu.<\/p>\n<h2>Ressources<\/h2>\n<h3>Billets<\/h3>\n<p>Version actuelle de Rlieh :<\/p>\n<ol>\n<li><a href=\"http:\/\/nagashur.com\/blog\/2016\/03\/22\/creation-dun-boitier-pour-le-panneau-du-controleur-daquarium-rlieh\/\">Cr\u00e9ation d&#8217;un boitier pour le panneau du contr\u00f4leur d&#8217;aquarium Rlieh<\/a>\u00a0(description du mod\u00e8le 3D openscad)<\/li>\n<li><a href=\"http:\/\/nagashur.com\/blog\/2016\/04\/05\/boitier-de-controle-de-rlieh-controleur-automatique-daquarium\/\">Boitier de contr\u00f4le de Rlieh, contr\u00f4leur automatique d&#8217;aquarium<\/a>\u00a0(pr\u00e9sentation du mod\u00e8le 3D imprim\u00e9)<\/li>\n<\/ol>\n<p>Autres billets sur l&#8217;ancien mod\u00e8le<\/p>\n<ol>\n<li><a href=\"http:\/\/nagashur.com\/blog\/2014\/03\/21\/creation-dun-controleur-daquarium\/\">Creation d&#8217;un contr\u00f4leur d&#8217;aquarium,<\/a>\u00a0(ancien mod\u00e8le)<\/li>\n<li><a href=\"http:\/\/nagashur.com\/blog\/2014\/03\/24\/controleur-daquarium-circuit-de-base\/\">Contr\u00f4leur d&#8217;aquarium, circuit de base<\/a>, (ancien mod\u00e8le)<\/li>\n<li><a href=\"http:\/\/nagashur.com\/blog\/2014\/04\/04\/refroidissement-dun-aquarium\/\">Refroidissement d&#8217;un aquarium<\/a> (ancien mod\u00e8le)<\/li>\n<\/ol>\n<h3>Ressources externes<\/h3>\n<ul>\n<li><a href=\"https:\/\/hackaday.io\/project\/2929-rlieh-aquarium-closed-ecosystem-management\">Page du projet sur hackaday.io<\/a>;<\/li>\n<li><a href=\"https:\/\/github.com\/sarinkhan\/Rlieh\">Page du projet sur github<\/a>.<\/li>\n<\/ul>\n","protected":false},"excerpt":{"rendered":"<p>Le projet Rlieh, pour\u00a0\u00a0Remote Location Intelligent Ecosystem Handler, \u00e0 pour objectif de g\u00e9rer automatiquement un \u00e9cosyst\u00e8me ferm\u00e9 (aquarium, terrarium, etc), et \u00e9galement de permettre une surveillance des param\u00e8tres \u00e0 distance. De nombreuses fonctions sont planifi\u00e9es, d&#8217;autres ont d\u00e9j\u00e0 \u00e9t\u00e9 r\u00e9alis\u00e9es. En pratique, il s&#8217;agit de r\u00e9aliser un assemblage d\u2019\u00e9l\u00e9ments \u00e9lectroniques, \u00e9lectriques et \u00e9lectro-m\u00e9caniques permettant de [&hellip;]<\/p>\n","protected":false},"author":2,"featured_media":1633,"parent":1067,"menu_order":0,"comment_status":"open","ping_status":"open","template":"","meta":{"spay_email":""},"yoast_head":"<!-- This site is optimized with the Yoast SEO plugin v15.0 - https:\/\/yoast.com\/wordpress\/plugins\/seo\/ -->\n<title>Rlieh - contr\u00f4leur automatique d&#039;aquarium - Nagashur<\/title>\n<meta name=\"robots\" content=\"index, follow, max-snippet:-1, max-image-preview:large, max-video-preview:-1\" \/>\n<link rel=\"canonical\" href=\"http:\/\/nagashur.com\/blog\/projets\/rlieh\/\" \/>\n<meta property=\"og:locale\" content=\"fr_FR\" \/>\n<meta property=\"og:type\" content=\"article\" \/>\n<meta property=\"og:title\" content=\"Rlieh - contr\u00f4leur automatique d&#039;aquarium - Nagashur\" \/>\n<meta property=\"og:description\" content=\"Le projet Rlieh, pour\u00a0\u00a0Remote Location Intelligent Ecosystem Handler, \u00e0 pour objectif de g\u00e9rer automatiquement un \u00e9cosyst\u00e8me ferm\u00e9 (aquarium, terrarium, etc), et \u00e9galement de permettre une surveillance des param\u00e8tres \u00e0 distance. De nombreuses fonctions sont planifi\u00e9es, d&#8217;autres ont d\u00e9j\u00e0 \u00e9t\u00e9 r\u00e9alis\u00e9es. En pratique, il s&#8217;agit de r\u00e9aliser un assemblage d\u2019\u00e9l\u00e9ments \u00e9lectroniques, \u00e9lectriques et \u00e9lectro-m\u00e9caniques permettant de [&hellip;]\" \/>\n<meta property=\"og:url\" content=\"http:\/\/nagashur.com\/blog\/projets\/rlieh\/\" \/>\n<meta property=\"og:site_name\" content=\"Nagashur\" \/>\n<meta property=\"article:modified_time\" content=\"2016-04-11T00:47:23+00:00\" \/>\n<meta property=\"og:image\" content=\"https:\/\/nagashur.com\/blog\/wp-content\/uploads\/2016\/04\/rlieh_lcd_on_2_5465_800px.jpg\" \/>\n\t<meta property=\"og:image:width\" content=\"800\" \/>\n\t<meta property=\"og:image:height\" content=\"600\" \/>\n<meta name=\"twitter:card\" content=\"summary\" \/>\n<meta name=\"twitter:creator\" content=\"@audreyrobinel\" \/>\n<meta name=\"twitter:site\" content=\"@audreyrobinel\" \/>\n<script type=\"application\/ld+json\" class=\"yoast-schema-graph\">{\"@context\":\"https:\/\/schema.org\",\"@graph\":[{\"@type\":\"WebSite\",\"@id\":\"https:\/\/nagashur.com\/blog\/#website\",\"url\":\"https:\/\/nagashur.com\/blog\/\",\"name\":\"Nagashur\",\"description\":\"raspi et arduino FTW :)\",\"potentialAction\":[{\"@type\":\"SearchAction\",\"target\":\"https:\/\/nagashur.com\/blog\/?s={search_term_string}\",\"query-input\":\"required name=search_term_string\"}],\"inLanguage\":\"fr-FR\"},{\"@type\":\"ImageObject\",\"@id\":\"http:\/\/nagashur.com\/blog\/projets\/rlieh\/#primaryimage\",\"inLanguage\":\"fr-FR\",\"url\":\"https:\/\/nagashur.com\/blog\/wp-content\/uploads\/2016\/04\/rlieh_lcd_on_2_5465_800px.jpg\",\"width\":800,\"height\":600,\"caption\":\"Panneau de contr\\u00f4le de Rlieh\"},{\"@type\":\"WebPage\",\"@id\":\"http:\/\/nagashur.com\/blog\/projets\/rlieh\/#webpage\",\"url\":\"http:\/\/nagashur.com\/blog\/projets\/rlieh\/\",\"name\":\"Rlieh - contr\\u00f4leur automatique d'aquarium - Nagashur\",\"isPartOf\":{\"@id\":\"https:\/\/nagashur.com\/blog\/#website\"},\"primaryImageOfPage\":{\"@id\":\"http:\/\/nagashur.com\/blog\/projets\/rlieh\/#primaryimage\"},\"datePublished\":\"2016-04-05T09:59:41+00:00\",\"dateModified\":\"2016-04-11T00:47:23+00:00\",\"inLanguage\":\"fr-FR\",\"potentialAction\":[{\"@type\":\"ReadAction\",\"target\":[\"http:\/\/nagashur.com\/blog\/projets\/rlieh\/\"]}]}]}<\/script>\n<!-- \/ Yoast SEO plugin. -->","jetpack_sharing_enabled":true,"jetpack_shortlink":"https:\/\/wp.me\/P6yqc2-qq","jetpack-related-posts":[{"id":1067,"url":"https:\/\/nagashur.com\/blog\/projets\/","url_meta":{"origin":1638,"position":0},"title":"Projets","date":"6 ao\u00fbt 2015","format":false,"excerpt":"Cette page sert \u00e0 recenser tous les projets document\u00e9s sur ce site (ou \u00e9ventuellement d'autres sites ou j'ai d\u00e9crit\u00a0mes projets). Je mettrai donc une liste succincte, pour parcourir ceux ci rapidement. Liste rapide des projets Projet Milapli\u00a0(station m\u00e9t\u00e9o open source et open hardware)\u00a0; Projet Domochevsky : installation domotique et maison\u2026","rel":"","context":"Avec 92 commentaires","img":{"alt_text":"","src":"","width":0,"height":0},"classes":[]},{"id":2028,"url":"https:\/\/nagashur.com\/blog\/fishroom\/","url_meta":{"origin":1638,"position":1},"title":"fishroom","date":"27 d\u00e9cembre 2017","format":false,"excerpt":"Je suis, entre autres, aquariophile. J'ai donc des aquariums, en nombre croissant. J'ai d\u00e9cid\u00e9 de convertir une partie de mon bureau\/atelier en fishroom pour pouvoir correctement organiser et g\u00e9rer tous ces aquariums. Sur cette page, je vous propose de d\u00e9couvrir ma fishroom, ainsi que les ressources sur sa construction et\u2026","rel":"","context":"Article similaire","img":{"alt_text":"Stand temporaire \u00c3\u00a0 aquariums. le meuble est sur roulettes et donc d\u00c3\u00a9pla\u00c3\u00a7able dans la fishroom.","src":"https:\/\/i2.wp.com\/nagashur.com\/blog\/wp-content\/uploads\/2017\/12\/fishroom_20171227_111536-1024x768.jpg?resize=350%2C200","width":350,"height":200},"classes":[]},{"id":1057,"url":"https:\/\/nagashur.com\/blog\/arduino\/","url_meta":{"origin":1638,"position":2},"title":"Arduino","date":"6 ao\u00fbt 2015","format":false,"excerpt":"Qu'est ce que Arduino? Arduino d\u00e9signe un \u00e9cosyst\u00e8me libre comprenant des cartes (Arduino Uno, Arduino Leonardo, Arduino Mega, Arduino Nano...), des logiciels (notamment l'IDE Arduino), ou encore des librairies. Ces syst\u00e8mes d'\u00e9lectronique programmable permettent de construire des projets facilement, et d'aborder tant l'approche \u00e9lectronique de l'approche logicielle. Dans cette section,\u2026","rel":"","context":"Avec 75 commentaires","img":{"alt_text":"Atmega328p en composant de Surface sur un clone chinois d'Arduino nano (V3)","src":"https:\/\/i0.wp.com\/nagashur.com\/blog\/wp-content\/uploads\/2015\/08\/Atmega328pSurface_ArduinoNano_ChineseClone800px_4581.jpg?resize=350%2C200&ssl=1","width":350,"height":200},"classes":[]},{"id":1755,"url":"https:\/\/nagashur.com\/blog\/robotique\/r-hasika-un-robot-raspberry-pi-precis-extensible-et-autonome\/","url_meta":{"origin":1638,"position":3},"title":"R.Hasika: un robot RaspberryPi pr\u00e9cis, extensible, autonome","date":"1 mai 2016","format":false,"excerpt":"R.Hasika est un robot actuellement en cours de d\u00e9veloppement, et ce depuis 2015. Contrairement \u00e0 son petit fr\u00e8re, R.Ian, ce robot a \u00e9t\u00e9 pens\u00e9 d\u00e8s le d\u00e9part pour embarquer un Raspberry pi, et s'appuie donc sur cette plate-forme pour son \u00e9lectronique de contr\u00f4le. Il existe de nombreux points de convergence\u2026","rel":"","context":"Avec 44 commentaires","img":{"alt_text":"R.Hasika de profil, avec les c\u00e2bles rang\u00e9s","src":"https:\/\/i2.wp.com\/nagashur.com\/blog\/wp-content\/uploads\/2016\/04\/compacted_cables_5715b_800px.jpg?resize=350%2C200&ssl=1","width":350,"height":200},"classes":[]},{"id":1650,"url":"https:\/\/nagashur.com\/blog\/projets\/sauronpi-camera-autonome-raspberry-pi\/","url_meta":{"origin":1638,"position":4},"title":"SauronPi - camera autonome Raspberry pi","date":"10 avril 2016","format":false,"excerpt":"SauronPi est un projet de longue date, \u00e0 qui j'ai r\u00e9cemment donn\u00e9 ce nom. L'objectif de ce projet, \u00e9galement document\u00e9 en anglais sur Hackaday.io, est de cr\u00e9er un syst\u00e8me de cam\u00e9ra autonome capable d'enregistrer de la vid\u00e9o ou des photographies. Pour ce projet, j'ai plusieurs objectifs, qui constituent autant de\u2026","rel":"","context":"Avec 76 commentaires","img":{"alt_text":"SauronPi avec camera et vitre en place","src":"https:\/\/i2.wp.com\/nagashur.com\/blog\/wp-content\/uploads\/2016\/04\/SauronPi_Banner_5603_800.jpg?resize=350%2C200&ssl=1","width":350,"height":200},"classes":[]},{"id":312,"url":"https:\/\/nagashur.com\/blog\/projets\/projet-meteo\/","url_meta":{"origin":1638,"position":5},"title":"Projet M\u00e9t\u00e9o","date":"9 juin 2012","format":false,"excerpt":"Bonjour! je vais regrouper ici toutes les informations relatives \u00e0 mon projet M\u00e9t\u00e9o. Cette page est un peu brouillonne, mais elle est amen\u00e9e \u00e0 changer rapidement. Je recenserai ici les articles que j'ai publi\u00e9s sur le sujet, et quelques autres liens. Articles publi\u00e9s\/\u00e0 venir Voici les divers articles publi\u00e9s\/pr\u00e9vus :\u2026","rel":"","context":"Dans &quot;Non class\u00e9&quot;","img":{"alt_text":"","src":"","width":0,"height":0},"classes":[]}],"_links":{"self":[{"href":"https:\/\/nagashur.com\/blog\/wp-json\/wp\/v2\/pages\/1638"}],"collection":[{"href":"https:\/\/nagashur.com\/blog\/wp-json\/wp\/v2\/pages"}],"about":[{"href":"https:\/\/nagashur.com\/blog\/wp-json\/wp\/v2\/types\/page"}],"author":[{"embeddable":true,"href":"https:\/\/nagashur.com\/blog\/wp-json\/wp\/v2\/users\/2"}],"replies":[{"embeddable":true,"href":"https:\/\/nagashur.com\/blog\/wp-json\/wp\/v2\/comments?post=1638"}],"version-history":[{"count":0,"href":"https:\/\/nagashur.com\/blog\/wp-json\/wp\/v2\/pages\/1638\/revisions"}],"up":[{"embeddable":true,"href":"https:\/\/nagashur.com\/blog\/wp-json\/wp\/v2\/pages\/1067"}],"wp:featuredmedia":[{"embeddable":true,"href":"https:\/\/nagashur.com\/blog\/wp-json\/wp\/v2\/media\/1633"}],"wp:attachment":[{"href":"https:\/\/nagashur.com\/blog\/wp-json\/wp\/v2\/media?parent=1638"}],"curies":[{"name":"wp","href":"https:\/\/api.w.org\/{rel}","templated":true}]}}