{"id":2,"date":"2008-09-04T19:18:17","date_gmt":"2008-09-04T17:18:17","guid":{"rendered":"http:\/\/www.core-tx.com\/blog\/?page_id=2"},"modified":"2016-05-11T12:16:27","modified_gmt":"2016-05-11T16:16:27","slug":"a-propos","status":"publish","type":"page","link":"http:\/\/nagashur.com\/blog\/a-propos\/","title":{"rendered":"\u00c0 propos"},"content":{"rendered":"<h2>Qui suis-je?<\/h2>\n<p>Je suis Audrey Robinel, jeune docteur en informatique, option sciences cognitives. Mon domaine, c&#8217;est l&#8217;<a href=\"https:\/\/fr.wikipedia.org\/wiki\/Intelligence_artificielle\">intelligence artificielle<\/a> appliqu\u00e9e, et les <a href=\"https:\/\/fr.wikipedia.org\/wiki\/Interactions_homme-machine\">interactions homme-machine<\/a>. Il y a longtemps que je tiens des sites web, et j&#8217;utilise maintenant <a href=\"https:\/\/fr.wordpress.org\/\">wordpress<\/a> pour cela, mais je tiens \u00e9galement un wiki : <a href=\"http:\/\/www.nagashur.com\/wiki\">http:\/\/www.nagashur.com\/wiki<\/a> bas\u00e9 sur la plateforme libre <a href=\"https:\/\/www.dokuwiki.org\/fr:dokuwiki\">dokuwiki<\/a>. Je suis donc chercheur et enseignant de formation<\/p>\n<h2>Th\u00e8mes abord\u00e9s<\/h2>\n<p>Ce site a surtout eu une vocation informatique au d\u00e9part. Mais avec le temps, le sujet principal du site est devenu l&#8217;informatique embarqu\u00e9e, avec principalement le <a href=\"http:\/\/nagashur.com\/blog\/raspberry-pi\/\">Raspberry Pi<\/a>, ou encore l&#8217;\u00e9lectronique programmable avec les <a href=\"http:\/\/nagashur.com\/blog\/arduino\/\">Arduino<\/a>, et une forte composante <a href=\"http:\/\/nagashur.com\/blog\/robotique\/\">Robotique<\/a>. L&#8217;essentiel du contenu est donc centr\u00e9 sur des &#8220;Hacks&#8221;, autrement dit des montages divers permettant de solutionner des probl\u00e8mes concrets.<\/p>\n<p>On se penchera particuli\u00e8rement sur des probl\u00e9matiques telles que la robotique, la domotique, l&#8217;automatisation, ou encore la mesure de l\u2019environnement.<\/p>\n<p>Des projets divers y seront soit pr\u00e9sent\u00e9s, soit document\u00e9s de fa\u00e7on d\u00e9taill\u00e9e. De nombreux tutoriels ont \u00e9t\u00e9 publi\u00e9s, par exemple sur le Raspberry pi, ou encore Arduino. Des tests de mat\u00e9riels sont r\u00e9guli\u00e8rement publi\u00e9s, plut\u00f4t sur du mat\u00e9riel peu fr\u00e9quemment test\u00e9 sur d&#8217;autres sites.<\/p>\n<p>&nbsp;<\/p>\n","protected":false},"excerpt":{"rendered":"<p>Qui suis-je? Je suis Audrey Robinel, jeune docteur en informatique, option sciences cognitives. Mon domaine, c&#8217;est l&#8217;intelligence artificielle appliqu\u00e9e, et les interactions homme-machine. Il y a longtemps que je tiens des sites web, et j&#8217;utilise maintenant wordpress pour cela, mais je tiens \u00e9galement un wiki : http:\/\/www.nagashur.com\/wiki bas\u00e9 sur la plateforme libre dokuwiki. Je suis [&hellip;]<\/p>\n","protected":false},"author":1,"featured_media":0,"parent":0,"menu_order":0,"comment_status":"open","ping_status":"open","template":"","meta":{"spay_email":""},"yoast_head":"<!-- This site is optimized with the Yoast SEO plugin v15.0 - https:\/\/yoast.com\/wordpress\/plugins\/seo\/ -->\n<title>\u00c0 propos - Nagashur<\/title>\n<meta name=\"description\" content=\"Pr\u00e9sentation rapide du site, et de son auteur principal (moi m\u00eame, Audrey Robinel).\" \/>\n<meta name=\"robots\" content=\"index, follow, max-snippet:-1, max-image-preview:large, max-video-preview:-1\" \/>\n<link rel=\"canonical\" href=\"http:\/\/nagashur.com\/blog\/a-propos\/\" \/>\n<meta property=\"og:locale\" content=\"fr_FR\" \/>\n<meta property=\"og:type\" content=\"article\" \/>\n<meta property=\"og:title\" content=\"\u00c0 propos - Nagashur\" \/>\n<meta property=\"og:description\" content=\"Pr\u00e9sentation rapide du site, et de son auteur principal (moi m\u00eame, Audrey Robinel).\" \/>\n<meta property=\"og:url\" content=\"http:\/\/nagashur.com\/blog\/a-propos\/\" \/>\n<meta property=\"og:site_name\" content=\"Nagashur\" \/>\n<meta property=\"article:modified_time\" content=\"2016-05-11T16:16:27+00:00\" \/>\n<meta name=\"twitter:card\" content=\"summary\" \/>\n<meta name=\"twitter:creator\" content=\"@audreyrobinel\" \/>\n<meta name=\"twitter:site\" content=\"@audreyrobinel\" \/>\n<script type=\"application\/ld+json\" class=\"yoast-schema-graph\">{\"@context\":\"https:\/\/schema.org\",\"@graph\":[{\"@type\":\"WebSite\",\"@id\":\"http:\/\/nagashur.com\/blog\/#website\",\"url\":\"http:\/\/nagashur.com\/blog\/\",\"name\":\"Nagashur\",\"description\":\"raspi et arduino FTW :)\",\"potentialAction\":[{\"@type\":\"SearchAction\",\"target\":\"http:\/\/nagashur.com\/blog\/?s={search_term_string}\",\"query-input\":\"required name=search_term_string\"}],\"inLanguage\":\"fr-FR\"},{\"@type\":\"WebPage\",\"@id\":\"http:\/\/nagashur.com\/blog\/a-propos\/#webpage\",\"url\":\"http:\/\/nagashur.com\/blog\/a-propos\/\",\"name\":\"\\u00c0 propos - Nagashur\",\"isPartOf\":{\"@id\":\"http:\/\/nagashur.com\/blog\/#website\"},\"datePublished\":\"2008-09-04T17:18:17+00:00\",\"dateModified\":\"2016-05-11T16:16:27+00:00\",\"description\":\"Pr\\u00e9sentation rapide du site, et de son auteur principal (moi m\\u00eame, Audrey Robinel).\",\"inLanguage\":\"fr-FR\",\"potentialAction\":[{\"@type\":\"ReadAction\",\"target\":[\"http:\/\/nagashur.com\/blog\/a-propos\/\"]}]}]}<\/script>\n<!-- \/ Yoast SEO plugin. -->","jetpack_sharing_enabled":true,"jetpack_shortlink":"https:\/\/wp.me\/P6yqc2-2","jetpack-related-posts":[{"id":532,"url":"http:\/\/nagashur.com\/blog\/robotique\/","url_meta":{"origin":2,"position":0},"title":"Robotique","date":"1 janvier 2013","format":false,"excerpt":"Cette page sert d'accueil \u00e0 la section Robotique , Automatismes et Domotique de mon blog, et j'y placerai articles, liens et informations diverses. Des ressources sont \u00e9galement disponibles dans la section robotique du wiki. Chaque projet de robotique aura sa page d\u00e9di\u00e9e, menant par la suite \u00e0 divers articles. Voici\u2026","rel":"","context":"Dans &quot;Non class\u00e9&quot;","img":{"alt_text":"R.Hasika en version d\u00e9coupe laser vu de face","src":"https:\/\/i0.wp.com\/nagashur.com\/blog\/wp-content\/uploads\/2015\/04\/R.Hasika.jpg?resize=350%2C200","width":350,"height":200},"classes":[]},{"id":547,"url":"http:\/\/nagashur.com\/blog\/raspberry-pi\/","url_meta":{"origin":2,"position":1},"title":"Raspberry Pi","date":"1 janvier 2013","format":false,"excerpt":"Pr\u00e9sentation du Raspberry pi Supprimer la diapo Image de la diapo G\u00e9n\u00e9ralSEORecadrageRaspberry pi mod\u00e8les B, B+ et B2 Nouvelle fen\u00eatre Titre de l\u2019image Texte alternatif de l\u2019image Position du recadrage En haut \u00e0 droite En haut centr\u00e9 En haut \u00e0 droite Centr\u00e9 \u00e0 gauche Centr\u00e9 au centre Centr\u00e9 \u00e0 droite\u2026","rel":"","context":"Dans &quot;Non class\u00e9&quot;","img":{"alt_text":"Raspberry pi mod\u00c3\u00a8le A+","src":"https:\/\/i2.wp.com\/nagashur.com\/blog\/wp-content\/uploads\/2015\/08\/rpiAplus800_4522.jpg?w=606&h=288&crop&resize=350%2C200","width":350,"height":200},"classes":[]},{"id":1067,"url":"http:\/\/nagashur.com\/blog\/projets\/","url_meta":{"origin":2,"position":2},"title":"Projets","date":"6 ao\u00fbt 2015","format":false,"excerpt":"Cette page sert \u00e0 recenser tous les projets document\u00e9s sur ce site (ou \u00e9ventuellement d'autres sites ou j'ai d\u00e9crit\u00a0mes projets). Je mettrai donc une liste succincte, pour parcourir ceux ci rapidement. Liste rapide des projets Projet Milapli\u00a0(station m\u00e9t\u00e9o open source et open hardware)\u00a0; Projet Domochevsky : installation domotique et maison\u2026","rel":"","context":"Avec 92 commentaires","img":{"alt_text":"","src":"","width":0,"height":0},"classes":[]},{"id":1567,"url":"http:\/\/nagashur.com\/blog\/robotique\/r-ian-un-robot-economique-pour-apprendre-a-programmer\/","url_meta":{"origin":2,"position":3},"title":"R.Ian : un robot \u00e9conomique pour apprendre \u00e0 programmer","date":"4 mars 2016","format":false,"excerpt":"Pr\u00e9sentation g\u00e9n\u00e9rale du robot R.Ian est un robot con\u00e7u pour permettre l'apprentissage de la programmation. Il \u00e0 pour objectif d'\u00eatre facile \u00e0 construire et assembler, tout en \u00e9tant extensible. Le nom du robot est un hommage \u00e0 Ian Murdock, le fondateur de la distribution Linux Debian\u00a0d\u00e9c\u00e9d\u00e9 en fin 2015. Cette\u2026","rel":"","context":"Avec 69 commentaires","img":{"alt_text":"R.Ian pendant son d\u00e9veloppement","src":"https:\/\/i2.wp.com\/nagashur.com\/blog\/wp-content\/uploads\/2016\/03\/banner_r.ian_5301_800px.jpg?resize=350%2C200","width":350,"height":200},"classes":[]},{"id":312,"url":"http:\/\/nagashur.com\/blog\/projets\/projet-meteo\/","url_meta":{"origin":2,"position":4},"title":"Projet M\u00e9t\u00e9o","date":"9 juin 2012","format":false,"excerpt":"Bonjour! je vais regrouper ici toutes les informations relatives \u00e0 mon projet M\u00e9t\u00e9o. Cette page est un peu brouillonne, mais elle est amen\u00e9e \u00e0 changer rapidement. Je recenserai ici les articles que j'ai publi\u00e9s sur le sujet, et quelques autres liens. Articles publi\u00e9s\/\u00e0 venir Voici les divers articles publi\u00e9s\/pr\u00e9vus :\u2026","rel":"","context":"Dans &quot;Non class\u00e9&quot;","img":{"alt_text":"","src":"","width":0,"height":0},"classes":[]},{"id":1755,"url":"http:\/\/nagashur.com\/blog\/robotique\/r-hasika-un-robot-raspberry-pi-precis-extensible-et-autonome\/","url_meta":{"origin":2,"position":5},"title":"R.Hasika: un robot RaspberryPi pr\u00e9cis, extensible, autonome","date":"1 mai 2016","format":false,"excerpt":"R.Hasika est un robot actuellement en cours de d\u00e9veloppement, et ce depuis 2015. Contrairement \u00e0 son petit fr\u00e8re, R.Ian, ce robot a \u00e9t\u00e9 pens\u00e9 d\u00e8s le d\u00e9part pour embarquer un Raspberry pi, et s'appuie donc sur cette plate-forme pour son \u00e9lectronique de contr\u00f4le. Il existe de nombreux points de convergence\u2026","rel":"","context":"Avec 44 commentaires","img":{"alt_text":"R.Hasika de profil, avec les c\u00e2bles rang\u00e9s","src":"https:\/\/i2.wp.com\/nagashur.com\/blog\/wp-content\/uploads\/2016\/04\/compacted_cables_5715b_800px.jpg?resize=350%2C200","width":350,"height":200},"classes":[]}],"_links":{"self":[{"href":"http:\/\/nagashur.com\/blog\/wp-json\/wp\/v2\/pages\/2"}],"collection":[{"href":"http:\/\/nagashur.com\/blog\/wp-json\/wp\/v2\/pages"}],"about":[{"href":"http:\/\/nagashur.com\/blog\/wp-json\/wp\/v2\/types\/page"}],"author":[{"embeddable":true,"href":"http:\/\/nagashur.com\/blog\/wp-json\/wp\/v2\/users\/1"}],"replies":[{"embeddable":true,"href":"http:\/\/nagashur.com\/blog\/wp-json\/wp\/v2\/comments?post=2"}],"version-history":[{"count":0,"href":"http:\/\/nagashur.com\/blog\/wp-json\/wp\/v2\/pages\/2\/revisions"}],"wp:attachment":[{"href":"http:\/\/nagashur.com\/blog\/wp-json\/wp\/v2\/media?parent=2"}],"curies":[{"name":"wp","href":"https:\/\/api.w.org\/{rel}","templated":true}]}}